git of p?
1
What is the units digit of (-441)/6*(7 + (-5551)/39)?
7
Let b = -12 - -26. Let k = b - 11. Suppose -k*o = 2*o - 85. What is the units digit of o?
7
Let q(c) = 12*c + 68. Let f be q(-6). What is the tens digit of ((-336)/(-10))/(f/(-30))?
5
Let t = -104 + 101. Let x(h) = 20*h**2 - 18*h + 38. Let b(i) = 7*i**2 - 6*i + 12. Let d(u) = t*x(u) + 10*b(u). What is the units digit of d(3)?
8
Let v be (-3*(-3 - -2))/((-9)/(-12)). Suppose -o + 234 + 238 = 2*d, -o = -v*d + 932. What is the hundreds digit of d?
2
Let g be -5 + (30 - -4) - (0 - 3). What is the tens digit of (-34)/((28 - g)*2/44)?
8
Suppose -440 = -4*q + 4*y, 2*q - 4*y = -0*q + 224. Suppose -2*z - 54 = -2*k + 18, 4*z = 3*k - q. Let w = k - -10. What is the units digit of w?
6
Let u(b) = -3*b**3 - 8*b**2 + 4*b + 5. Let w be u(-6). Suppose 0 = 4*g - w - 147. What is the units digit of g?
2
Suppose 282*f - 4*t = 287*f - 56559, 5*f + 5*t - 56560 = 0. What is the thousands digit of f?
1
Suppose -4*q - 196 = -4*r - 8*q, -2*r + 86 = -2*q. Suppose -r*w = -40*w - 1482. What is the units digit of w?
7
Suppose 3*u - 2*n = 22886, -56*n - 30511 = -4*u - 57*n. What is the hundreds digit of u?
6
Suppose 4943 - 463 = 8*u. Let q = -174 + u. What is the tens digit of q?
8
Suppose 7*k + 981 - 484 = 0. Let o = 320 - 146. Let b = o + k. What is the tens digit of b?
0
Let p be -9 - -9 - 5 - (1 - 8). Let z = -3 + 40. Suppose -t - z = -p*t. What is the tens digit of t?
3
What is the thousands digit of 17*2319 - (12*(-24)/18)/2?
9
Let b(d) = 4353*d - 2154. What is the units digit of b(18)?
0
Let g be (10/4)/((-5)/(-15 + 5)). Suppose -3*v - 31 + 101 = 2*a, -4*v + g*a = -55. What is the units digit of v?
0
Let l(i) = -3009*i**3 - 2*i**2 + 7*i - 2. What is the thousands digit of l(-2)?
4
Let i(b) = b**3 + 5*b + 11. Let o be i(-2). Let r(q) = 13*q**2 - q + 43. What is the hundreds digit of r(o)?
6
Let t(n) be the first derivative of n**7/210 - n**6/60 + 7*n**5/120 + 20*n**3/3 - 44. Let a(u) be the third derivative of t(u). What is the units digit of a(4)?
8
Let f(y) = y**2 + 149. Let o be (-4)/14 + 54/189. Let t be 21/(-42)*(0 - o). What is the hundreds digit of f(t)?
1
Let r(x) = x**2 + 5*x - 26. Let z be r(-8). What is the hundreds digit of 15/((-30)/(-284)) + 8/z?
1
Let i(o) = -83*o**3 - 4*o**2 - o + 6. Let b be i(-2). Let v = 385 + b. What is the thousands digit of v?
1
Let g(t) = 47*t - 71. Suppose 0 = 5*w - 5*o - 95, 13*w - 11*w + 2*o - 26 = 0. What is the hundreds digit of g(w)?
6
Let d(k) be the third derivative of -k**5/30 - 5*k**4/24 - 4*k**3 + 10*k**2. Let p be d(-8). Let u = 175 + p. What is the units digit of u?
3
Let u = -7823 - -8675. What is the tens digit of u?
5
Let l be -5 + (1 - -7) - (-8)/(-2). What is the hundreds digit of l + (-19632)/(-40) + (-8)/10?
4
Let h = 710 - -2954. What is the hundreds digit of h?
6
Let d = 9 + 129. Let j(r) = -r**3 + 21*r**2 - 38*r - 54. Let k be j(18). Let y = k - d. What is the tens digit of y?
9
Let r(l) = 2*l**2 - 143*l + 3983. What is the hundreds digit of r(51)?
8
What is the ten thousands digit of (104/16)/13 + (-12)/((-96)/314620)?
3
Suppose 5*d + 85*m - 48289 = 86*m, -2*d - 2*m + 19318 = 0. What is the units digit of d?
8
Suppose l - 523 = -s, 83*s - 1567 = 80*s - 2*l. What is the tens digit of s?
2
Let a be -47*48*(-2)/2. Suppose 3*n = -0*n - 2*m + 2256, a = 3*n - 4*m. What is the hundreds digit of n?
7
What is the tens digit of -17 + 1312/80 + (850329/15 - 2)?
8
Let v(w) be the second derivative of 117*w**5/20 + w**4/6 + w**3/6 - 2*w**2 - 31*w. What is the units digit of v(2)?
2
Let n = -60 - 56. Let l be (136/952)/((-2)/(-14)). What is the hundreds digit of (-6)/(-2) - (n + (4 - l))?
1
Suppose 5*p = 4*n - 7, 11*n - 16*n + 19 = 4*p. Suppose -4*s = -8*s + n*v + 5997, -5*v = -25. What is the thousands digit of s?
1
Let g(j) = 444*j - 14. Let q be g(1). Suppose -534 - q = -4*t. What is the tens digit of t?
4
Let s = 68 + -59. Let p = s + -5. Let w(m) = m**2 - 13. What is the units digit of w(p)?
3
Let a = 12 - 10. Suppose 0 = -a*s + 6 + 118. Suppose b - 60 = s. What is the hundreds digit of b?
1
Let y be (-4)/(-12)*-1*0. What is the units digit of (6 - -1444)/(1 - (y + -1))?
5
Let d be (2 + (-32)/(-2))*(-7)/(-2). Let h = d - -34. What is the tens digit of h?
9
Let o(p) = -13*p - 31. Let v be o(-4). Suppose -5*h = -3*z - 2*z + 65, v = -2*h + z. What is the units digit of -116*((-30)/h + -5)?
5
Suppose 4*l + 4*z + z = 217, -4*l = -z - 187. What is the hundreds digit of l/(-18)*2601/(-12)?
5
Suppose 2*v + 2*y - 3008 = 0, -2*v - 95*y + 96*y = -3014. What is the thousands digit of v?
1
Let w = -63 - -63. Let g(n) = n**3 + 2*n + 30. Let y be g(w). Suppose 36 = l - y. What is the tens digit of l?
6
Suppose -z + 4*m = -4448, 0 = -111*z + 112*z - 2*m - 4440. Suppose -4*j + 2*s + 1231 = -3189, -4*j - s = -z. What is the thousands digit of j?
1
Let b(k) = k**2 + k + 60. Let m be b(0). Let n be (-46)/((-9)/((-36)/(-8))). Let x = n + m. What is the units digit of x?
3
Let r = -26025 - -51693. What is the thousands digit of r?
5
Let b be 25408/8*(-1)/(-2). Suppose 38*i = 42*i - b. What is the tens digit of i?
9
Let l = 14 - 30. Let a(f) = -f**3 - 16*f**2 - 12*f + 15. Let p be a(l). Suppose -6*o + 741 - p = 0. What is the tens digit of o?
8
Let y be 23/5 - 45/75. Suppose 2*h + 3*a = 22, -h + a = -a - y. What is the tens digit of (-4608)/(-39) + 0 + h/(-52)?
1
Let r(f) = f**3 - 55*f**2 + 242*f - 68. What is the thousands digit of r(51)?
1
Let d = -2259 - -2202. Let b(f) = -f + 71. Let c be b(0). Let h = c - d. What is the tens digit of h?
2
Suppose v + x + 245 = -5, 5*v + 4*x + 1247 = 0. Let r = v + 856. What is the units digit of r?
9
Let o(i) = -718*i - 40. Let d be o(-15). Suppose -30*a = -a - d. What is the units digit of a?
0
Suppose 0*d + 6*d = 2*d. What is the hundreds digit of (26/39)/(d - 1/(-954))?
6
Suppose -l - 3*a + 157 = 0, -3*l + 4*l + a - 147 = 0. Suppose -b - 20 + l = 0. Suppose -b = -4*f + 114. What is the tens digit of f?
5
Suppose -4*r + 5 = 3*l - 26, -2*r - 12 = -4*l. Suppose -n = 2*i + 3*i - 1344, l*i - 1346 = n. What is the units digit of i?
9
Suppose -4*u + 23 = -9. Suppose -u*h + 4285 = -2987. What is the tens digit of h?
0
Let c = 366 + -363. Suppose -c*f + p = -641, -5*p = 4*f - 1051 + 228. What is the tens digit of f?
1
Suppose 20 - 20 = -c. Suppose -u - u + 294 = c. Let o = u - -9. What is the units digit of o?
6
What is the tens digit of (-159)/(-212) - (-46978)/8?
7
Let j(r) = 12*r**3 + 2*r**2 - r - 5. Let h be j(3). Suppose g + c + 0*c = 316, g - h = 5*c. What is the units digit of g?
9
Suppose 0 = -5*l - w + 11, 0 = 3*l - w - 12 - 1. Suppose 2479 = l*n + r - 772, -3*n - 3*r + 3261 = 0. What is the units digit of n?
2
Suppose 14*k - 22889 = 18313. What is the units digit of k?
3
Suppose 7*z + 3*z = 20. Suppose -z*b + 3 = -7, -3*b + 33 = 3*o. Suppose o*n - 3*u - 28 = 2*n, 0 = 4*n + u - 28. What is the units digit of n?
7
Let p(m) = 19*m**2 - 3*m - 2. Let a be p(-3). Let c be -3 + a + (-1 + 1 - -1). Suppose -56*i = -55*i - c. What is the tens digit of i?
7
Let m be ((-10)/4)/(-5)*(0 + 4342). Suppose h - 2146 = -4*r + 751, h = 3*r - m. Suppose -5*l = -5*j - 800, 3*l + 242 = 5*j + r. What is the tens digit of l?
5
Suppose 7*f - 4 = 5*f. Suppose -f*o - 92 = -300. Let z = 197 - o. What is the units digit of z?
3
Suppose -4*n = 19*n - 598. What is the tens digit of (-4)/3*(-3003)/n?
5
Let u(p) = -275*p - 28. Let n be u(-1). Suppose j - 3 = -4*z + 2*j, 3*j + 9 = -4*z. Suppose 3*y - 125 - n = z. What is the hundreds digit of y?
1
Suppose 3668769 - 9026159 = -230*c. What is the ten thousands digit of c?
2
Let y(d) = 227*d + 1733. What is the hundreds digit of y(35)?
6
Let s(l) = 2*l**2 - 49*l - 11. Let j be s(27). What is the hundreds digit of 3*-2 + 0 + j?
1
Let p(m) = m**3 - 23*m**2 - 29*m - 51. Let k be (50 - 48) + 46/2. What is the units digit of p(k)?
4
Let k be (2 - 4)*(2 - 157/2). Suppose 4*q + 0*q - 20 = 0. Suppose -k = -q*h + 522. What is the tens digit of h?
3
Let z be (-1)/(8/7548*3/(-2)). Suppose 3*x = 2*c - z, -8*x + 4*x = -3*c + 943. What is the units digit of c?
3
Suppose 0 = -14*v + 10*v + 24. Suppose 0 = -q + 2*d + 495 - v, -5*q + d + 2436 = 0. What is the tens digit of q?
8
Let y = -803 - -808. Suppose y*s - 2527 = -2*n, 5